 7*w**2 + 3*w - 7. What is t(-5)?
28
Let c(k) = k - 1. Calculate c(-6).
-7
Let z(o) = -o**2 - 10*o + 41. Give z(-13).
2
Let c(s) = -5*s - 7. Calculate c(-4).
13
Let y(p) = -p**2 - 2*p - 5. Determine y(-2).
-5
Let l(s) = 7*s**2 - 45*s + 12. Calculate l(6).
-6
Let y(b) = 8*b - 75. Give y(19).
77
Let v(k) = k**2 - 4*k. Give v(8).
32
Let n(g) = g**2 + 19*g + 22. Calculate n(-17).
-12
Let y(m) = 4*m + 19. Determine y(-7).
-9
Let z(a) = a + 13. What is z(-10)?
3
Let y(s) = s + 1. Give y(0).
1
Let b(i) = -i**3 - 13*i**2 - 30*i + 8. Determine b(-4).
-16
Let l(d) = -9*d - 20. Give l(-3).
7
Let o(r) = r**2 - 19*r + 49. Calculate o(19).
49
Let d(i) = -i**3 + 5*i**2 - 4*i + 10. Calculate d(5).
-10
Let r(v) = 4*v**2 + v - 3. What is r(-3)?
30
Let w(f) = -11*f + 5. Calculate w(1).
-6
Let w(d) = 2*d + 7. Give w(3).
13
Let z(i) = i**3 - 10*i**2 - 18*i + 11. What is z(12)?
83
Let r(q) = -q**3 - 4*q**2 - 2*q + 14. Calculate r(-3).
11
Let x(g) = g**2 + 9*g + 3. Give x(-5).
-17
Let k(y) = -6*y**2 - 20*y - 6. What is k(-3)?
0
Let m(d) = -27*d - 1. Determine m(-1).
26
Let c(l) = -l**3 - 13*l**2 - 2*l. Determine c(-13).
26
Let w(p) = -3*p**2 - 7*p + 8. Calculate w(4).
-68
Let y(v) = -5*v - 19. Determine y(-5).
6
Let q(s) = -s**2 + 78*s - 556. Calculate q(8).
4
Let s(y) = -2*y + 8. Determine s(-14).
36
Let b(o) = -o**3 - 11*o**2 + 33*o - 25. What is b(-14)?
101
Let h(y) = 3*y + 8. Determine h(-7).
-13
Let c(b) = 2*b**3 + 7*b**2 + 8*b - 3. What is c(-4)?
-51
Let w(t) = 3*t - 1. Calculate w(7).
20
Let p(w) = 65*w + 67. Give p(-1).
2
Let z(r) = -r**3 - 22*r**2 + 26*r - 31. Give z(-23).
-100
Let i(u) = 78*u + 2. Calculate i(1).
80
Let y(o) = 5*o**2 - 26*o + 1. What is y(5)?
-4
Let q(u) = -u**2 + 4*u + 2. Calculate q(4).
2
Let b(v) = -v**3 + 6*v**2 + 2*v + 14. Give b(7).
-21
Let i(p) = -p**3 + 9*p**2 + p - 7. Determine i(9).
2
Let r(p) = -p**3 + 5*p**2 + 23*p + 3. Determine r(8).
-5
Let h(k) = -4*k - 6. What is h(-6)?
18
Let o(f) = -f**2 + 8*f + 7. Give o(3).
22
Let i(q) = -3*q**2. What is i(1)?
-3
Let s(a) = -a**2 + 16*a + 47. Determine s(15).
62
Let u(t) = 10*t**2 + 1. Give u(2).
41
Let q(j) = -j + 75. Calculate q(28).
47
Let p(t) = t**3 - 7*t**2 + 5*t - 2. Determine p(4).
-30
Let v(g) = -g + 16. Calculate v(22).
-6
Let f(b) = 15*b - 203. What is f(10)?
-53
Let r(k) = 12*k - 7. Calculate r(3).
29
Let u(l) = l**3 - 7*l**2 + 9*l - 7. Calculate u(6).
11
Let g(n) = -n**3 - 5*n**2 + 3*n + 20. Calculate g(-5).
5
Let w(z) = -z**3 - 5*z**2 + 7*z + 6. What is w(-6)?
0
Let b(q) = 12*q + 3. Determine b(-3).
-33
Let t(p) = -4*p - 123. Give t(-32).
5
Let t(l) = 2*l + 11. Calculate t(-3).
5
Let b(a) = 11*a - 10. What is b(1)?
1
Let u(q) = -q**3 - 6*q**2 - 5*q - 10. Determine u(-5).
-10
Let c(i) = -i**3 + 8*i**2 - 2*i - 4. Give c(5).
61
Let i(t) = 3*t - 55. Calculate i(19).
2
Let n(y) = -2*y**2 + y + 33. Calculate n(-9).
-138
Let q(b) = -b + 30. Determine q(22).
8
Let n(p) = -11*p + 16. Determine n(10).
-94
Let b(a) = 2*a**3 + 29*a**2 + 12*a - 22. What is b(-14)?
6
Let z(c) = 2*c - 1. Give z(8).
15
Let g(x) = 5*x - 14. Give g(6).
16
Let f(b) = b**2 + 19*b + 1. Calculate f(-14).
-69
Let w(n) = n**3 + 24*n**2 + 109*n + 37. Give w(-18).
19
Let o(b) = 10*b**2 - b + 2. Calculate o(2).
40
Let c(w) = w - 14. Give c(10).
-4
Let a(t) = 6*t - 11. What is a(9)?
43
Let f(t) = t**3 + 8*t**2 - 53*t - 65. What is f(-12)?
-5
Let j(i) = -5*i**3 - i. Calculate j(-1).
6
Let g(l) = -l**3 + 13*l**2 - 4. Give g(13).
-4
Let j(i) = -i**3 + 6*i**2 + i - 7. Calculate j(6).
-1
Let x(r) = r**2 - r + 1. Determine x(2).
3
Let j(u) = u**3 - 4. Calculate j(2).
4
Let c(k) = 7*k - 9. Calculate c(7).
40
Let g(x) = x - 2. Determine g(-3).
-5
Let x(u) = -u**2 + 22*u - 1. Determine x(22).
-1
Let n(h) = -h**3 - h**2 - 3*h + 3. What is n(-3)?
30
Let z(r) = -2*r**3 + 4*r**2 + 2*r - 1. Determine z(3).
-13
Let p(c) = 2*c**2 - c - 3. What is p(-2)?
7
Let i(c) = -18*c - 120. Give i(-4).
-48
Let k(l) = -l**2 + 16*l + 10. What is k(17)?
-7
Let f(y) = -y**3 - 24*y**2 + 1. Calculate f(-24).
1
Let f(j) = -j**3 + 6*j**2 - j - 14. What is f(6)?
-20
Let x(h) = 2*h**3 + h**2 + h + 1. Calculate x(1).
5
Let l(y) = -y**3 - 4*y**2 + 13. Determine l(0).
13
Let i(q) = q + 5. Calculate i(0).
5
Let l(t) = -t**2 - 19*t - 24. What is l(-21)?
-66
Let j(w) = -w**3 + 6*w**2 + w - 6. Determine j(6).
0
Let v(g) = -4*g + 8. What is v(3)?
-4
Let y(o) = 12*o + 142. Calculate y(-14).
-26
Let y(k) = -5*k**3 - 10*k - 10. What is y(-1)?
5
Let f(x) = x + 18. Give f(-21).
-3
Let p(a) = -9*a - 65. Determine p(-3).
-38
Let p(j) = -j**2 + 8*j - 10. Calculate p(7).
-3
Let b(r) = r**3 - 11*r + 19. Calculate b(2).
5
Let j(v) = v**2 + 16*v - 1. Calculate j(-15).
-16
Let c(s) = -s**2 - 7*s + 60. Determine c(5).
0
Let z(o) = o**3 + o**2 - 2*o - 1. Give z(2).
7
Let o(p) = -p**2 - 7*p - 6. Determine o(-4).
6
Let m(t) = t**3 + 8*t**2 + 8*t - 1. Determine m(-7).
-8
Let m(u) = -2*u - 14. Calculate m(-6).
-2
Let d(x) = x - 8. What is d(6)?
-2
Let k(x) = -2*x - 12. Calculate k(-9).
6
Let o(r) = 11*r - 192. Determine o(17).
-5
Let f(u) = -3*u - 31. What is f(-11)?
2
Let u(p) = -16*p**3 + p**2 - 7*p + 5. Determine u(1).
-17
Let d(s) = -s + 19. Give d(10).
9
Let x(m) = -3*m - 30. What is x(-15)?
15
Let o(y) = y**2 + 11*y + 18. What is o(-10)?
8
Let r(g) = g**3 - 2*g**2 - 4*g + 6. Give r(-3).
-27
Let v(k) = 5*k - 2. Calculate v(-2).
-12
Let z(o) = -o**3 - 7*o**2 - 6*o + 1. What is z(-6)?
1
Let t(k) = -k**3 - 2*k**2 + 2*k + 3. What is t(-2)?
-1
Let a(z) = -z**2 - 2*z + 43. Determine a(0).
43
Let j(t) = t - 17. What is j(8)?
-9
Let z(b) = -b**3 - 26*b**2 + 24*b - 47. What is z(-27)?
34
Let s(o) = 7*o**2 + 37*o + 12. Give s(-5).
2
Let g(l) = -l**2 + 10*l - 1. Give g(10).
-1
Let s(f) = f**3 - 9*f**2 - 2*f - 12. Determine s(9).
-30
Let l(h) = -2*h - 36. What is l(-17)?
-2
Let j(c) = -2*c + 2. What is j(2)?
-2
Let w(n) = -n**2 - 24*n + 6. Determine w(-25).
-19
Let a(w) = -w. Determine a(0).
0
Let f(o) = -11*o + 122. Calculate f(11).
1
Let n(b) = b**2 - 9*b - 95. Determine n(-9).
67
Let q(g) = -20*g + 207. Calculate q(11).
-13
Let c(x) = -5*x**2 - 9. What is c(3)?
-54
Let w(c) = -2*c**2 + 9*c - 1. What is w(4)?
3
Let w(k) = 4*k - 4. Calculate w(5).
16
Let f(y) = 28*y - 15. What is f(4)?
97
Let x(p) = p**3 + 28*p**2 - 35*p - 170. Determine x(-29).
4
Let o(t) = -2*t**3 - 15*t**2 - 10*t + 9. Give o(-6).
-39
Let w(u) = -u**3 - 8*u**2 - 14*u + 10. Give w(-7).
59
Let p(r) = 3*r - 59. Determine p(25).
16
Let b(z) = z**2 - 10*z + 20. Give b(4).
-4
Let y(i) = -3*i - 28. Calculate y(-6).
-10
Let p(z) = z + 25. Determine p(-8).
17
Let m(d) = -8*d**2 + 25*d + 10. Give m(4).
-18
Let l(v) = -3*v**2 + 3*v + 13. Calculate l(-3).
-23
Let d(q) = q**3 - 4*q**2 + q + 3. Calculate d(4).
7
Let c(o) = -o**2 - 4*o - 3. What is c(-11)?
-80
Let p(b) = 5*b + 5. What is p(-5)?
-20
Let c(r) = 12*r**2 + 3*r - 1. What is c(-2)?
41
Let h(l) = -l**3 + 5*l**2 - l + 5. Give h(5).
0
Let y(c) = c**2 - 20*c + 41. Determine y(18).
5
Let n(f) = f**2 - 29*f + 22. Determine n(24).
-98
Let k(y) = -3*y**2 + 7*y + 2. What is k(3)?
-4
Let b(f) = -f**2 + 4*f - 37. Give b(7).
-58
Let l(n) = 4*n**2 + 75*n - 1. Determine l(-19).
18
Let g(x) = x**2 - 26*x - 15. Determine g(22).
-103
Let q(u) = -3*u**2 - 6*u + 3. Calculate q(-3).
-6
Let x(c) = 4*c - 132. Calculate x(29).
-16
Let q(f) = 3*f + 53. What is q(-17)?
2
Let g(a) = -2*a**2 + 8*a + 9. Determine g(-4).
-55
Let c(y) = 29*y + 15. Calculate c(-5).
-130
Let z(f) = 12*f + 7. What is z(-4)?
-41
Let y(j) = 2*j**2 - 3*j - 2. Calculate y(3).
7
Let p(w) = 2*w - 6. Give p(-4).
-14
Let w(l) = -l**2 + 6*l - 3. Calculate w(9).
-30
Let w(n) = -n**2 + 9*n + 14. What is w(11)?
-8
Let x(v) = v**2 - 13*v + 47. What is x(8)?
7
Let b(y) = 33*y - 269. Determine b(8).
-5
Let s(b) = b**2 - 11*b + 4. Calculate s(10).
-6
Let a(s) = -s**3 - 16*s**2 + 45*s + 162. Calculate a(-18).
0
Let n(k) = -k**3 + k**2 + 8*k + 4. Give n(-3).
16
Let g(m) = -m**3 + 30*m**2 + 2*m - 50. Determine g(30).
10
Let v(s) = -3*s + 16. What is v(4)?
4
Let w(j) = j + 7. Determine w(2).
9
Let r(q) = q**3 + 10*q**2 + 6*q. Calculate r(-9).
27
Let a(o) = o**2 - 13*o - 9. Determine a(12).
-21
Let d(g) = -g**3 + 17*g**2 - 29*g - 26. What is d(15)?
-11
Let u(v) = -v**3 - 18*v**2 - 34*v - 48. What is u(-16)?
-16
Let h(w) = -w**2 - 3*w + 